{"id":9,"date":"2015-10-14T14:21:28","date_gmt":"2015-10-14T12:21:28","guid":{"rendered":"https:\/\/hartbex.pl\/mieszkania\/?page_id=9"},"modified":"2020-07-09T14:11:52","modified_gmt":"2020-07-09T12:11:52","slug":"development","status":"publish","type":"page","link":"https:\/\/hartbex.pl\/mieszkania\/development\/","title":{"rendered":"Development"},"content":{"rendered":"<div id=\"lipsum\">\n<p><strong>Hartbex Development Sp. z o.o. jest odpowiedzialna za dzia\u0142alno\u015b\u0107 dewelopersk\u0105 na rynku powierzchni mieszkaniowych i komercyjnych.<\/strong><\/p>\n<p>Dzia\u0142alno\u015b\u0107 deweloperska rozpocz\u0119li\u015bmy na terenie Krakowa w 1997 roku, od 2009 roku bardzo intensywnie dzia\u0142amy na terenie Rzeszowa. Nasza sp\u00f3\u0142ka jest tw\u00f3rc\u0105 najbardziej nowoczesnych budynk\u00f3w mieszkaniowych w skali kraju. Zrealizowali\u015bmy kilkana\u015bcie inwestycji mieszkaniowych oraz kilka biurowych, najwi\u0119ksz\u0105 inwestycja w historii firmy jest kompleks &#8220;APARTAMENTY ZAMKOWE&#8221; w Rzeszowie o powierzchni ca\u0142kowitej 57.930 ty\u015b. m2. Spo\u015br\u00f3d podmiot\u00f3w konkurencyjnych na rynku wyr\u00f3\u017cnia nas innowacyjno\u015b\u0107, dba\u0142o\u015b\u0107 o szczeg\u00f3\u0142y, wysoka jako\u015b\u0107, troska o niskie koszty utrzymania naszych obiekt\u00f3w oraz ich ponadczasowy charakter i wyko\u0144czenie. Nasze realizacje zawsze wybudowane s\u0105 w bardzo dobrych lokalizacjach i nale\u017c\u0105 do najbardziej po\u017c\u0105danych w Polsce . Zadowolenie naszych klient\u00f3w jest dla nas najlepsz\u0105 reklam\u0105 na przysz\u0142o\u015b\u0107 i podzi\u0119kowaniem za wykonan\u0105 dobrze prace. Presti\u017c, komfort i bezpiecze\u0144stwo naszych obecnych i przysz\u0142ych Klient\u00f3w s\u0105 dla nas najwa\u017cniejsze. Inicjatywy podejmowane przez sp\u00f3\u0142k\u0119 dewelopersk\u0105 HARTBEX w obszarze inwestycji mieszkaniowych maj\u0105 na celu zagwarantowanie realizacji tych potrzeb i zapewnienie wysokiego zadowolenia i pe\u0142nej satysfakcji przysz\u0142ych w\u0142a\u015bcicieli lokali.<\/p>\n<\/div>\n","protected":false},"excerpt":{"rendered":"<p>Hartbex Development Sp. z o.o. jest odpowiedzialna za dzia\u0142alno\u015b\u0107 dewelopersk\u0105 na rynku powierzchni mieszkaniowych i komercyjnych. Dzia\u0142alno\u015b\u0107 deweloperska rozpocz\u0119li\u015bmy na terenie Krakowa w 1997 roku, od 2009 roku bardzo intensywnie dzia\u0142amy na terenie Rzeszowa. Nasza sp\u00f3\u0142ka jest tw\u00f3rc\u0105 najbardziej nowoczesnych budynk\u00f3w mieszkaniowych w skali kraju. Zrealizowali\u015bmy kilkana\u015bcie inwestycji mieszkaniowych oraz kilka biurowych, najwi\u0119ksz\u0105 inwestycja w [&hellip;]<\/p>\n","protected":false},"author":1,"featured_media":0,"parent":0,"menu_order":0,"comment_status":"closed","ping_status":"closed","template":"","meta":[],"_links":{"self":[{"href":"https:\/\/hartbex.pl\/mieszkania\/wp-json\/wp\/v2\/pages\/9"}],"collection":[{"href":"https:\/\/hartbex.pl\/mieszkania\/wp-json\/wp\/v2\/pages"}],"about":[{"href":"https:\/\/hartbex.pl\/mieszkania\/wp-json\/wp\/v2\/types\/page"}],"author":[{"embeddable":true,"href":"https:\/\/hartbex.pl\/mieszkania\/wp-json\/wp\/v2\/users\/1"}],"replies":[{"embeddable":true,"href":"https:\/\/hartbex.pl\/mieszkania\/wp-json\/wp\/v2\/comments?post=9"}],"version-history":[{"count":0,"href":"https:\/\/hartbex.pl\/mieszkania\/wp-json\/wp\/v2\/pages\/9\/revisions"}],"wp:attachment":[{"href":"https:\/\/hartbex.pl\/mieszkania\/wp-json\/wp\/v2\/media?parent=9"}],"curies":[{"name":"wp","href":"https:\/\/api.w.org\/{rel}","templated":true}]}}