{"id":510,"date":"2017-05-23T08:37:59","date_gmt":"2017-05-23T06:37:59","guid":{"rendered":"https:\/\/hartbex.pl\/mieszkania\/?page_id=510"},"modified":"2024-01-31T12:40:20","modified_gmt":"2024-01-31T11:40:20","slug":"lokal-uslugowo-handlowy-7740m2-ul-soltysowska-krakow-czyzyny","status":"publish","type":"page","link":"https:\/\/hartbex.pl\/mieszkania\/sprzedaz-lokali\/lokal-uslugowo-handlowy-7740m2-ul-soltysowska-krakow-czyzyny\/","title":{"rendered":"Lokale biurowo &#8211; us\u0142ugowo \u2013 handlowe 76 m\u00b2, Krak\u00f3w, Czy\u017cyny, ul. So\u0142tysowska"},"content":{"rendered":"<p>Lokale biurowo &#8211; us\u0142ugowo \u2013 handlowe 76 m\u00b2 \u2013 ul.\u00a0So\u0142tysowska, Krak\u00f3w, Czy\u017cyny<\/p>\n<p>Dost\u0119pne lokale nr 3, 4<\/p>\n<p><strong>Cena:<br \/>\n<\/strong><strong>8300,00 z\u0142 netto \/ m\u00b2 stan deweloperski (tynki, wylewki)<br \/>\n<\/strong><strong>9900,00 z\u0142 netto \/ m\u00b2 lokal wyko\u0144czony<\/strong><\/p>\n<p style=\"text-align: center;\"><a href=\"https:\/\/hartbex.pl\/mieszkania\/wp-content\/uploads\/sites\/3\/2017\/05\/lok1.jpg\"><img loading=\"lazy\" class=\"size-medium wp-image-513 aligncenter\" src=\"https:\/\/hartbex.pl\/mieszkania\/wp-content\/uploads\/sites\/3\/2017\/05\/lok1-480x236.jpg\" alt=\"lok1\" width=\"480\" height=\"236\" srcset=\"https:\/\/hartbex.pl\/mieszkania\/wp-content\/uploads\/sites\/3\/2017\/05\/lok1-480x236.jpg 480w, https:\/\/hartbex.pl\/mieszkania\/wp-content\/uploads\/sites\/3\/2017\/05\/lok1-1024x502.jpg 1024w\" sizes=\"(max-width: 480px) 100vw, 480px\" \/><\/a><\/p>\n<p style=\"text-align: center;\"><a href=\"https:\/\/hartbex.pl\/mieszkania\/wp-content\/uploads\/sites\/3\/2017\/05\/rzut.jpg\"><img loading=\"lazy\" class=\"wp-image-515 size-large alignnone\" title=\"rzut\" src=\"https:\/\/hartbex.pl\/mieszkania\/wp-content\/uploads\/sites\/3\/2017\/05\/rzut-723x1024.jpg\" alt=\"rzut\" width=\"723\" height=\"1024\" srcset=\"https:\/\/hartbex.pl\/mieszkania\/wp-content\/uploads\/sites\/3\/2017\/05\/rzut-723x1024.jpg 723w, https:\/\/hartbex.pl\/mieszkania\/wp-content\/uploads\/sites\/3\/2017\/05\/rzut-226x320.jpg 226w\" sizes=\"(max-width: 723px) 100vw, 723px\" \/><br \/>\n<\/a><a href=\"https:\/\/hartbex.pl\/mieszkania\/wp-content\/uploads\/sites\/3\/2017\/05\/rzut.jpg\"><img loading=\"lazy\" class=\"wp-image-1108 size-large aligncenter\" src=\"https:\/\/hartbex.pl\/mieszkania\/wp-content\/uploads\/sites\/3\/2024\/01\/20240131_103747-scaled-768x1024.jpg\" alt=\"\" width=\"768\" height=\"1024\" srcset=\"https:\/\/hartbex.pl\/mieszkania\/wp-content\/uploads\/sites\/3\/2024\/01\/20240131_103747-768x1024.jpg 768w, https:\/\/hartbex.pl\/mieszkania\/wp-content\/uploads\/sites\/3\/2024\/01\/20240131_103747-scaled-240x320.jpg 240w, https:\/\/hartbex.pl\/mieszkania\/wp-content\/uploads\/sites\/3\/2024\/01\/20240131_103747-scaled-1152x1536.jpg 1152w, https:\/\/hartbex.pl\/mieszkania\/wp-content\/uploads\/sites\/3\/2024\/01\/20240131_103747-scaled-1536x2048.jpg 1536w, https:\/\/hartbex.pl\/mieszkania\/wp-content\/uploads\/sites\/3\/2024\/01\/20240131_103747-scaled.jpg 1920w\" sizes=\"(max-width: 768px) 100vw, 768px\" \/><\/a><\/p>\n<p><img loading=\"lazy\" class=\"wp-image-1111 size-large aligncenter\" src=\"https:\/\/hartbex.pl\/mieszkania\/wp-content\/uploads\/sites\/3\/2024\/01\/20240131_103832-scaled-768x1024.jpg\" alt=\"\" width=\"768\" height=\"1024\" srcset=\"https:\/\/hartbex.pl\/mieszkania\/wp-content\/uploads\/sites\/3\/2024\/01\/20240131_103832-768x1024.jpg 768w, https:\/\/hartbex.pl\/mieszkania\/wp-content\/uploads\/sites\/3\/2024\/01\/20240131_103832-scaled-240x320.jpg 240w, https:\/\/hartbex.pl\/mieszkania\/wp-content\/uploads\/sites\/3\/2024\/01\/20240131_103832-scaled-1152x1536.jpg 1152w, https:\/\/hartbex.pl\/mieszkania\/wp-content\/uploads\/sites\/3\/2024\/01\/20240131_103832-scaled-1536x2048.jpg 1536w, https:\/\/hartbex.pl\/mieszkania\/wp-content\/uploads\/sites\/3\/2024\/01\/20240131_103832-scaled.jpg 1920w\" sizes=\"(max-width: 768px) 100vw, 768px\" \/><\/p>\n<p>&nbsp;<\/p>\n<p><a href=\"https:\/\/hartbex.pl\/mieszkania\/wp-content\/uploads\/sites\/3\/2017\/05\/mapa.jpg\"><img loading=\"lazy\" class=\"wp-image-514 size-large alignleft\" src=\"https:\/\/hartbex.pl\/mieszkania\/wp-content\/uploads\/sites\/3\/2017\/05\/mapa-1024x561.jpg\" alt=\"mapa\" width=\"1024\" height=\"561\" srcset=\"https:\/\/hartbex.pl\/mieszkania\/wp-content\/uploads\/sites\/3\/2017\/05\/mapa-1024x561.jpg 1024w, https:\/\/hartbex.pl\/mieszkania\/wp-content\/uploads\/sites\/3\/2017\/05\/mapa-480x263.jpg 480w\" sizes=\"(max-width: 1024px) 100vw, 1024px\" \/><\/a><\/p>\n","protected":false},"excerpt":{"rendered":"<p>Lokale biurowo &#8211; us\u0142ugowo \u2013 handlowe 76 m\u00b2 \u2013 ul.\u00a0So\u0142tysowska, Krak\u00f3w, Czy\u017cyny Dost\u0119pne lokale nr 3, 4 Cena: 8300,00 z\u0142 netto \/ m\u00b2 stan deweloperski (tynki, wylewki) 9900,00 z\u0142 netto \/ m\u00b2 lokal wyko\u0144czony &nbsp;<\/p>\n","protected":false},"author":4,"featured_media":0,"parent":13,"menu_order":0,"comment_status":"closed","ping_status":"closed","template":"","meta":[],"_links":{"self":[{"href":"https:\/\/hartbex.pl\/mieszkania\/wp-json\/wp\/v2\/pages\/510"}],"collection":[{"href":"https:\/\/hartbex.pl\/mieszkania\/wp-json\/wp\/v2\/pages"}],"about":[{"href":"https:\/\/hartbex.pl\/mieszkania\/wp-json\/wp\/v2\/types\/page"}],"author":[{"embeddable":true,"href":"https:\/\/hartbex.pl\/mieszkania\/wp-json\/wp\/v2\/users\/4"}],"replies":[{"embeddable":true,"href":"https:\/\/hartbex.pl\/mieszkania\/wp-json\/wp\/v2\/comments?post=510"}],"version-history":[{"count":8,"href":"https:\/\/hartbex.pl\/mieszkania\/wp-json\/wp\/v2\/pages\/510\/revisions"}],"predecessor-version":[{"id":1116,"href":"https:\/\/hartbex.pl\/mieszkania\/wp-json\/wp\/v2\/pages\/510\/revisions\/1116"}],"up":[{"embeddable":true,"href":"https:\/\/hartbex.pl\/mieszkania\/wp-json\/wp\/v2\/pages\/13"}],"wp:attachment":[{"href":"https:\/\/hartbex.pl\/mieszkania\/wp-json\/wp\/v2\/media?parent=510"}],"curies":[{"name":"wp","href":"https:\/\/api.w.org\/{rel}","templated":true}]}}