{"id":203,"date":"2016-03-22T22:05:30","date_gmt":"2016-03-22T21:05:30","guid":{"rendered":"https:\/\/hartbex.pl\/hale\/?page_id=203"},"modified":"2017-07-19T14:45:39","modified_gmt":"2017-07-19T12:45:39","slug":"wir-suchen-grundstucke","status":"publish","type":"page","link":"https:\/\/hartbex.pl\/hale\/de\/wir-suchen-grundstucke\/","title":{"rendered":"Wir suchen Grundst\u00fccke"},"content":{"rendered":"<p>Wir suchen attraktiv gelegene, bebaute oder nicht bebaute Grundst\u00fccke:<br \/>\nin St\u00e4dten mit \u00fcber 50 Tsd. Bewohner:<\/p>\n<ul>\n<li>Agrargrundst\u00fccke mit M\u00f6glichkeit der Nutzung f\u00fcr Wohnungsbau ,<\/li>\n<li>Baugrundst\u00fccke mit Bestimmung f\u00fcr Wohnungsbau,<\/li>\n<\/ul>\n<p>Gerne arbeiten wir zusammen mit:<\/p>\n<ul>\n<li>Firmen, die B\u00fcro-, Handels- und Dienstleistungsfl\u00e4chen zum Mieten suchen,<\/li>\n<li>Stadtgemeinden, welche ihre Grundst\u00fccke als Apport in die Gesellschaft einbringen m\u00f6chten,<\/li>\n<li>Handelsnetzen, welche Grundst\u00fccke besitzen und Generalunternehmer f\u00fcr Abwicklung ihrer Investition suchen .<\/li>\n<li>Firmen und Privatpersonen, welche \u00fcber interessante Immobilien verf\u00fcgen, und welche zusammen mit uns Investition auf seiner Immobilie ausf\u00fchren wollen.<\/li>\n<\/ul>\n<p><strong>Kontakt:<\/strong><\/p>\n<p>\u200b<\/p>\n<table>\n<tbody>\n<tr>\n<td class=\"mobile-hide\"><!DOCTYPE html PUBLIC \"-\/\/W3C\/\/DTD HTML 4.0 Transitional\/\/EN\" \"http:\/\/www.w3.org\/TR\/REC-html40\/loose.dtd\"><br \/>\n<html><body><!DOCTYPE html PUBLIC \"-\/\/W3C\/\/DTD HTML 4.0 Transitional\/\/EN\" \"http:\/\/www.w3.org\/TR\/REC-html40\/loose.dtd\"><br \/>\n<html><body><!DOCTYPE html PUBLIC \"-\/\/W3C\/\/DTD HTML 4.0 Transitional\/\/EN\" \"http:\/\/www.w3.org\/TR\/REC-html40\/loose.dtd\"><br \/>\n<html><body><img loading=\"lazy\" class=\"alignnone wp-image-229\" src=\"https:\/\/hartbex.pl\/hale\/wp-content\/uploads\/sites\/2\/2015\/10\/lweselak1-320x320.png\" alt=\"Kontaktowy QR kod lweselak1\" width=\"300\" height=\"300\" title=\"Kontaktowy QR kod lweselak1\" srcset=\"https:\/\/hartbex.pl\/hale\/wp-content\/uploads\/sites\/2\/2015\/10\/lweselak1-320x320.png 320w, https:\/\/hartbex.pl\/hale\/wp-content\/uploads\/sites\/2\/2015\/10\/lweselak1-282x282.png 282w, https:\/\/hartbex.pl\/hale\/wp-content\/uploads\/sites\/2\/2015\/10\/lweselak1.png 810w\" sizes=\"(max-width: 300px) 100vw, 300px\" \/><\/body><\/html><br \/>\n<\/body><\/html><br \/>\n<\/body><\/html>\n<\/td>\n<td><\/td>\n<td><\/td>\n<td><\/td>\n<\/tr>\n<tr>\n<td>\n<h3>\u0141ukasz Weselak<\/h3>\n<p>tel. <a href=\"tel:%2B48%2017%20789%2022%2077\" target=\"_blank\">+48 17 789 22 77<\/a><br \/>\nfax <a href=\"tel:%2B48%2017%20789%2022%2088\" target=\"_blank\">+48 17 789 22 88<\/a><br \/>\nmobile <a href=\"tel:%2B48%20666%20083%20746\" target=\"_blank\">+48 666 083 746<\/a><br \/>\ne-mail <a href=\"mailto:lweselak@hartbex.pl\" target=\"_blank\">lweselak@hartbex.pl<\/a><\/td>\n<td><\/td>\n<td><\/td>\n<td><\/td>\n<\/tr>\n<\/tbody>\n<\/table>\n","protected":false},"excerpt":{"rendered":"<p>Wir suchen attraktiv gelegene, bebaute oder nicht bebaute Grundst\u00fccke: in St\u00e4dten mit \u00fcber 50 Tsd. Bewohner: Agrargrundst\u00fccke mit M\u00f6glichkeit der Nutzung f\u00fcr Wohnungsbau , Baugrundst\u00fccke mit Bestimmung f\u00fcr Wohnungsbau, Gerne arbeiten wir zusammen mit: Firmen, die B\u00fcro-, Handels- und Dienstleistungsfl\u00e4chen zum Mieten suchen, Stadtgemeinden, welche ihre Grundst\u00fccke als Apport in die Gesellschaft einbringen m\u00f6chten, Handelsnetzen, [&hellip;]<\/p>\n","protected":false},"author":1,"featured_media":0,"parent":0,"menu_order":0,"comment_status":"closed","ping_status":"closed","template":"page-nieruchomosci.php","meta":[],"_links":{"self":[{"href":"https:\/\/hartbex.pl\/hale\/wp-json\/wp\/v2\/pages\/203"}],"collection":[{"href":"https:\/\/hartbex.pl\/hale\/wp-json\/wp\/v2\/pages"}],"about":[{"href":"https:\/\/hartbex.pl\/hale\/wp-json\/wp\/v2\/types\/page"}],"author":[{"embeddable":true,"href":"https:\/\/hartbex.pl\/hale\/wp-json\/wp\/v2\/users\/1"}],"replies":[{"embeddable":true,"href":"https:\/\/hartbex.pl\/hale\/wp-json\/wp\/v2\/comments?post=203"}],"version-history":[{"count":0,"href":"https:\/\/hartbex.pl\/hale\/wp-json\/wp\/v2\/pages\/203\/revisions"}],"wp:attachment":[{"href":"https:\/\/hartbex.pl\/hale\/wp-json\/wp\/v2\/media?parent=203"}],"curies":[{"name":"wp","href":"https:\/\/api.w.org\/{rel}","templated":true}]}}